{"id":101,"date":"2026-03-18T11:06:43","date_gmt":"2026-03-18T10:06:43","guid":{"rendered":"https:\/\/www.druck-und-stick.at\/rideyourlife\/?post_type=product&#038;p=101"},"modified":"2026-04-23T12:03:14","modified_gmt":"2026-04-23T10:03:14","slug":"herren-daunenjacke-mit-pferde-stickerei-funktional-warm-perfekt-fuer-reiter","status":"publish","type":"product","link":"https:\/\/www.druck-und-stick.at\/rideyourlife\/produkt\/herren-daunenjacke-mit-pferde-stickerei-funktional-warm-perfekt-fuer-reiter\/","title":{"rendered":"Herren Daunenjacke"},"content":{"rendered":"<p>Diese <strong data-start=\"337\" data-end=\"410\">Herren Daunenjacke mit hochwertiger WR-Stickerei auf der linken Brust<\/strong> ist die ideale Wahl f\u00fcr alle, die ihre <strong data-start=\"450\" data-end=\"507\">Leidenschaft f\u00fcr Pferde auch im Alltag zeigen m\u00f6chten<\/strong>.<br \/>\nDer <strong data-start=\"516\" data-end=\"572\">\u201eRide your Life\u201c-Schriftzug am R\u00fccken <\/strong>\u00a0verleiht der Jacke einen sportlich-markanten Look und macht sie zum perfekten Begleiter f\u00fcr <strong data-start=\"665\" data-end=\"695\">Stall, Reiten und Freizeit<\/strong>.<br \/>\nDank der <strong data-start=\"709\" data-end=\"762\">leichten Daunenf\u00fcllung (90 % Daunen, 10 % Federn)<\/strong> h\u00e4lt die Jacke angenehm warm, ohne einzuengen. Das <strong data-start=\"814\" data-end=\"853\">wind- und wasserabweisende Material<\/strong> sch\u00fctzt zuverl\u00e4ssig bei wechselnden Wetterbedingungen \u2013 ideal f\u00fcr aktive Tage im Reitsport.<\/p>\n<hr data-start=\"949\" data-end=\"952\" \/>\n<h2 data-section-id=\"1wf6jk6\" data-start=\"954\" data-end=\"969\">Highlights<\/h2>\n<ul>\n<li data-start=\"971\" data-end=\"1380\"><strong data-start=\"974\" data-end=\"1025\">WR-Stickerei auf der linken Brust\u00a0<\/strong><\/li>\n<li data-start=\"971\" data-end=\"1380\"><strong data-start=\"1030\" data-end=\"1071\">\u201eRide your Life\u201c-Schriftzug am R\u00fccken<\/strong><\/li>\n<li data-start=\"971\" data-end=\"1380\"><strong data-start=\"1077\" data-end=\"1127\">Leichte Daunenf\u00fcllung \u2013 optimaler W\u00e4rmekomfort<\/strong><\/li>\n<li data-start=\"971\" data-end=\"1380\"><strong data-start=\"1133\" data-end=\"1173\">Wind- und wasserabweisendes Material<\/strong><\/li>\n<li data-start=\"971\" data-end=\"1380\"><strong data-start=\"1179\" data-end=\"1233\">Sportliche Passform f\u00fcr maximale Bewegungsfreiheit<\/strong><\/li>\n<li data-start=\"971\" data-end=\"1380\"><strong data-start=\"1239\" data-end=\"1277\">2 Seitentaschen mit Rei\u00dfverschluss<\/strong><\/li>\n<li data-start=\"971\" data-end=\"1380\"><strong data-start=\"1283\" data-end=\"1338\">Kontrastfarben bei Innenfutter, \u00c4rmeln und B\u00fcndchen<\/strong><\/li>\n<li data-start=\"971\" data-end=\"1380\"><strong data-start=\"1344\" data-end=\"1378\">Pflegeleicht &amp; alltagstauglich<\/strong><\/li>\n<\/ul>\n<hr data-start=\"1382\" data-end=\"1385\" \/>\n<h2 data-section-id=\"18zf48a\" data-start=\"1387\" data-end=\"1410\">Material &amp; Details<\/h2>\n<ul data-start=\"1412\" data-end=\"1786\">\n<li data-section-id=\"dxjn33\" data-start=\"1412\" data-end=\"1445\"><strong data-start=\"1414\" data-end=\"1428\">Oberstoff:<\/strong> 100 % Polyamid<\/li>\n<li data-section-id=\"ijt7ex\" data-start=\"1446\" data-end=\"1476\"><strong data-start=\"1448\" data-end=\"1459\">Futter:<\/strong> 100 % Polyamid<\/li>\n<li data-section-id=\"1sb3oa1\" data-start=\"1477\" data-end=\"1521\"><strong data-start=\"1479\" data-end=\"1494\">Wattierung:<\/strong> 90 % Daunen, 10 % Federn<\/li>\n<li data-section-id=\"naudq0\" data-start=\"1522\" data-end=\"1583\"><strong data-start=\"1524\" data-end=\"1542\">Eigenschaften:<\/strong> leicht, windabweisend, wasserabweisend<\/li>\n<li data-section-id=\"1lrg1wx\" data-start=\"1584\" data-end=\"1635\"><strong data-start=\"1586\" data-end=\"1598\">Taschen:<\/strong> 2 Seitentaschen mit Rei\u00dfverschluss<\/li>\n<li data-section-id=\"rdlpkx\" data-start=\"1636\" data-end=\"1698\"><strong data-start=\"1638\" data-end=\"1649\">Design:<\/strong> Kontrastfarben bei Innenfutter und Abschl\u00fcssen<\/li>\n<li data-section-id=\"e9fk4i\" data-start=\"1699\" data-end=\"1786\"><strong data-start=\"1701\" data-end=\"1712\">Pflege:<\/strong> 30 \u00b0C waschbar, trocknergeeignet bei niedriger Temperatur, nicht b\u00fcgeln<\/li>\n<\/ul>\n<hr data-start=\"1788\" data-end=\"1791\" \/>\n<h2 data-section-id=\"1synqje\" data-start=\"1793\" data-end=\"1815\">Verf\u00fcgbare Gr\u00f6\u00dfen<\/h2>\n<ul>\n<li>S \u2013 M \u2013 L \u2013 XL \u2013 XXL \u2013 3XL<\/li>\n<\/ul>\n<hr data-start=\"1847\" data-end=\"1850\" \/>\n<h2 data-section-id=\"1kpbspd\" data-start=\"1852\" data-end=\"1874\">Verf\u00fcgbare Farben<\/h2>\n<ul data-start=\"1876\" data-end=\"1981\">\n<li data-section-id=\"vsrfbr\" data-start=\"1876\" data-end=\"1894\">Black \/ Silver<\/li>\n<\/ul>\n<hr data-start=\"1983\" data-end=\"1986\" \/>\n<h2 data-section-id=\"k3oa3k\" data-start=\"1988\" data-end=\"2013\">Perfekt geeignet f\u00fcr<\/h2>\n<ul data-start=\"2015\" data-end=\"2148\">\n<li data-section-id=\"v69g3g\" data-start=\"2015\" data-end=\"2039\">Reiter &amp; Stallarbeit<\/li>\n<li data-section-id=\"afxflx\" data-start=\"2040\" data-end=\"2074\">Ausritte &amp; Outdoor-Aktivit\u00e4ten<\/li>\n<li data-section-id=\"1yzcbtw\" data-start=\"2075\" data-end=\"2093\">Turnierbesuche<\/li>\n<li data-section-id=\"1c3r5dz\" data-start=\"2094\" data-end=\"2115\">Freizeit &amp; Alltag<\/li>\n<li data-section-id=\"1f4jnms\" data-start=\"2116\" data-end=\"2148\">Geschenk f\u00fcr Pferdeliebhaber<\/li>\n<\/ul>\n","protected":false},"excerpt":{"rendered":"<p>Sportliche Herren Daunenjacke mit <strong data-start=\"3134\" data-end=\"3164\">WR-Stickerei auf der Brust<\/strong> und \u201eRide your Life\u201c-Schriftzug am R\u00fccken. <strong data-start=\"3208\" data-end=\"3242\">Leicht, warm und windabweisend<\/strong> \u2013 perfekt f\u00fcr Reiter, Stall und Freizeit.<\/p>\n","protected":false},"featured_media":106,"comment_status":"open","ping_status":"closed","template":"","meta":{"_uag_custom_page_level_css":"","site-sidebar-layout":"default","site-content-layout":"","ast-site-content-layout":"default","site-content-style":"default","site-sidebar-style":"default","ast-global-header-display":"","ast-banner-title-visibility":"","ast-main-header-display":"","ast-hfb-above-header-display":"","ast-hfb-below-header-display":"","ast-hfb-mobile-header-display":"","site-post-title":"","ast-breadcrumbs-content":"","ast-featured-img":"","footer-sml-layout":"","ast-disable-related-posts":"","theme-transparent-header-meta":"default","adv-header-id-meta":"","stick-header-meta":"","header-above-stick-meta":"","header-main-stick-meta":"","header-below-stick-meta":"","astra-migrate-meta-layouts":"set","ast-page-background-enabled":"default","ast-page-background-meta":{"desktop":{"background-color":"var(--ast-global-color-5)","background-image":"","background-repeat":"repeat","background-position":"center center","background-size":"auto","background-attachment":"scroll","background-type":"","background-media":"","overlay-type":"","overlay-color":"","overlay-opacity":"","overlay-gradient":""},"tablet":{"background-color":"","background-image":"","background-repeat":"repeat","background-position":"center center","background-size":"auto","background-attachment":"scroll","background-type":"","background-media":"","overlay-type":"","overlay-color":"","overlay-opacity":"","overlay-gradient":""},"mobile":{"background-color":"","background-image":"","background-repeat":"repeat","background-position":"center center","background-size":"auto","background-attachment":"scroll","background-type":"","background-media":"","overlay-type":"","overlay-color":"","overlay-opacity":"","overlay-gradient":""}},"ast-content-background-meta":{"desktop":{"background-color":"var(--ast-global-color-4)","background-image":"","background-repeat":"repeat","background-position":"center center","background-size":"auto","background-attachment":"scroll","background-type":"","background-media":"","overlay-type":"","overlay-color":"","overlay-opacity":"","overlay-gradient":""},"tablet":{"background-color":"var(--ast-global-color-4)","background-image":"","background-repeat":"repeat","background-position":"center center","background-size":"auto","background-attachment":"scroll","background-type":"","background-media":"","overlay-type":"","overlay-color":"","overlay-opacity":"","overlay-gradient":""},"mobile":{"background-color":"var(--ast-global-color-4)","background-image":"","background-repeat":"repeat","background-position":"center center","background-size":"auto","background-attachment":"scroll","background-type":"","background-media":"","overlay-type":"","overlay-color":"","overlay-opacity":"","overlay-gradient":""}}},"product_brand":[],"product_cat":[19,18],"product_tag":[],"class_list":{"0":"post-101","1":"product","2":"type-product","3":"status-publish","4":"has-post-thumbnail","6":"product_cat-bekleidung","7":"product_cat-herren","8":"desktop-align-left","9":"tablet-align-left","10":"mobile-align-left","12":"first","13":"instock","14":"taxable","15":"shipping-taxable","16":"purchasable","17":"product-type-variable"},"uagb_featured_image_src":{"full":["https:\/\/www.druck-und-stick.at\/rideyourlife\/wp-content\/uploads\/sites\/2\/2026\/03\/JN1140_1-1.jpg",420,540,false],"thumbnail":["https:\/\/www.druck-und-stick.at\/rideyourlife\/wp-content\/uploads\/sites\/2\/2026\/03\/JN1140_1-1-150x150.jpg",150,150,true],"medium":["https:\/\/www.druck-und-stick.at\/rideyourlife\/wp-content\/uploads\/sites\/2\/2026\/03\/JN1140_1-1-233x300.jpg",233,300,true],"medium_large":["https:\/\/www.druck-und-stick.at\/rideyourlife\/wp-content\/uploads\/sites\/2\/2026\/03\/JN1140_1-1.jpg",420,540,false],"large":["https:\/\/www.druck-und-stick.at\/rideyourlife\/wp-content\/uploads\/sites\/2\/2026\/03\/JN1140_1-1.jpg",420,540,false],"1536x1536":["https:\/\/www.druck-und-stick.at\/rideyourlife\/wp-content\/uploads\/sites\/2\/2026\/03\/JN1140_1-1.jpg",420,540,false],"2048x2048":["https:\/\/www.druck-und-stick.at\/rideyourlife\/wp-content\/uploads\/sites\/2\/2026\/03\/JN1140_1-1.jpg",420,540,false],"woocommerce_thumbnail":["https:\/\/www.druck-und-stick.at\/rideyourlife\/wp-content\/uploads\/sites\/2\/2026\/03\/JN1140_1-1-300x400.jpg",300,400,true],"woocommerce_single":["https:\/\/www.druck-und-stick.at\/rideyourlife\/wp-content\/uploads\/sites\/2\/2026\/03\/JN1140_1-1.jpg",420,540,false],"woocommerce_gallery_thumbnail":["https:\/\/www.druck-und-stick.at\/rideyourlife\/wp-content\/uploads\/sites\/2\/2026\/03\/JN1140_1-1-100x100.jpg",100,100,true]},"uagb_author_info":{"display_name":"design M.W GmbH","author_link":"https:\/\/www.druck-und-stick.at\/rideyourlife\/author\/"},"uagb_comment_info":0,"uagb_excerpt":"Sportliche Herren Daunenjacke mit WR-Stickerei auf der Brust und \u201eRide your Life\u201c-Schriftzug am R\u00fccken. Leicht, warm und windabweisend \u2013 perfekt f\u00fcr Reiter, Stall und Freizeit.","_links":{"self":[{"href":"https:\/\/www.druck-und-stick.at\/rideyourlife\/wp-json\/wp\/v2\/product\/101","targetHints":{"allow":["GET"]}}],"collection":[{"href":"https:\/\/www.druck-und-stick.at\/rideyourlife\/wp-json\/wp\/v2\/product"}],"about":[{"href":"https:\/\/www.druck-und-stick.at\/rideyourlife\/wp-json\/wp\/v2\/types\/product"}],"replies":[{"embeddable":true,"href":"https:\/\/www.druck-und-stick.at\/rideyourlife\/wp-json\/wp\/v2\/comments?post=101"}],"wp:featuredmedia":[{"embeddable":true,"href":"https:\/\/www.druck-und-stick.at\/rideyourlife\/wp-json\/wp\/v2\/media\/106"}],"wp:attachment":[{"href":"https:\/\/www.druck-und-stick.at\/rideyourlife\/wp-json\/wp\/v2\/media?parent=101"}],"wp:term":[{"taxonomy":"product_brand","embeddable":true,"href":"https:\/\/www.druck-und-stick.at\/rideyourlife\/wp-json\/wp\/v2\/product_brand?post=101"},{"taxonomy":"product_cat","embeddable":true,"href":"https:\/\/www.druck-und-stick.at\/rideyourlife\/wp-json\/wp\/v2\/product_cat?post=101"},{"taxonomy":"product_tag","embeddable":true,"href":"https:\/\/www.druck-und-stick.at\/rideyourlife\/wp-json\/wp\/v2\/product_tag?post=101"}],"curies":[{"name":"wp","href":"https:\/\/api.w.org\/{rel}","templated":true}]}}